 the highest common factor of l and h?
9
Suppose -19*a + 31 = -26. Suppose -a*c + 188 = -10. What is the highest common factor of 44 and c?
22
Let k = 6095 - 4639. Calculate the highest common factor of k and 560.
112
Let a = -333 + 991. Let l be ((-192)/(-56))/(2/a). Calculate the highest common factor of 24 and l.
24
Let z = -3897 - -3928. Let j be (-1674)/12*(-2)/3. What is the greatest common factor of j and z?
31
Suppose 13765*r + 8096 = 13797*r. Calculate the greatest common factor of 187 and r.
11
Let j(h) = 43*h + 153. Let c = -110 + 119. Let x be j(c). What is the highest common factor of 20 and x?
20
Let d(y) = -y**3 - 6*y**2 + 7*y + 24. Let k(t) = -t**2 - 17*t - 23. Let l be k(-16). Let o be d(l). Calculate the highest common factor of o and 18.
6
Let k = 53 - 103. Let p = 59 + k. Let i be (42/p)/(6/18). Calculate the greatest common divisor of i and 2.
2
Suppose -2*k + 11*k = 1485. Suppose 0 = -x - f + 17, -3*x + 34 = -3*f - 5. What is the highest common divisor of x and k?
15
Suppose 5*m = 0, 2*m - 18 = 4*l - 30. Suppose -z + 2*z - l*d = 49, -49 = -z - 4*d. What is the greatest common factor of z and 784?
49
Let y(q) = 37*q + 30. Let a be y(6). Let p = a - 167. Suppose -176 = -5*t + 2*d, t + t - d = 71. What is the highest common factor of p and t?
17
Let n = 9947 - 9110. Calculate the highest common divisor of 63 and n.
9
Suppose 151327*c - 151305*c = 616. Let d be 4/(-6) - (-107)/3. Calculate the greatest common factor of c and d.
7
Suppose 153*s + 38863 - 100423 = 45*s. What is the highest common factor of 150 and s?
30
Let q be 10/(-6) + (-42081)/(-117). Suppose -6 = q*w - 359*w. Suppose 137 - 41 = 2*m. Calculate the greatest common divisor of w and m.
6
Let n = 39 - -20. Suppose 2*i - 3*m - 2 = 34, 3*i = 2*m + n. Suppose 2*l - 3*v = i, 3*l + v + 2*v - 9 = 0. Calculate the highest common divisor of l and 21.
3
Let w(g) = 25*g - 25. Let t be w(11). Suppose t = 8*z - 110. Let s(r) = r**3 + 7*r**2 + 4*r - 3. Let b be s(-6). What is the greatest common factor of z and b?
9
Suppose -4*h = -4*h - 2*h. Suppose 10 = -2*a + 2, h = 5*v + 4*a - 4. What is the greatest common divisor of v and 108?
4
Let d(j) = 20*j + 17. Let x be 5 + 20/(-16)*4. Let s be d(x). Calculate the greatest common factor of 34 and s.
17
Let p = 4368 - 4356. Suppose 3*j - 5*j = -48. Suppose w + 3*w - j = 0. Calculate the highest common factor of p and w.
6
Let b be ((-2)/(-10)*5)/(-1). Let n(p) = 10*p + 18. Let s be n(b). Calculate the greatest common divisor of s and 76.
4
Let j be 7/((-7)/6) - -51. Suppose -4*b - 2*d + 488 = 0, 260 = b + b + 5*d. What is the greatest common divisor of j and b?
15
Suppose 2*r - 851 = 487. Let j = -540 + r. What is the highest common factor of j and 172?
43
Let d = -9962 - -10024. Calculate the highest common divisor of d and 21607.
31
Let g = 54 + -10. Let k(d) = -62*d**3 - 368*d**2 - 728*d + 4. Let i be k(-2). What is the highest common factor of g and i?
44
Let w(q) = -5*q**3 - q**2 + 2*q + 2. Let r be w(-2). Suppose -1728 = 102*m - 14376. Let z = m - r. What is the highest common divisor of 10 and z?
10
Let y(c) = -c**3 - 150*c**2 - 297*c + 8. Let r be y(-148). What is the highest common factor of 212 and r?
4
Let q = 481 - 478. Suppose -k + 4*m = -66, 0 = 2*k - 4*k + q*m + 137. What is the highest common factor of 20 and k?
10
Suppose -217 = -7*j + 273. Suppose -18*a + 20*a - 10 = 0. Let m = a - -9. What is the highest common factor of j and m?
14
Let k(o) = -2*o - 7. Let d(b) = -b**3 + 17*b**2 + 37*b - 7. Let w be d(19). Let s be k(w). Calculate the highest common divisor of 15 and s.
15
Let m = 2943 - 2891. Calculate the highest common divisor of m and 3536.
52
Let r = -1795 - -2547. Let k = r + -616. Calculate the greatest common factor of 68 and k.
68
Suppose 5*r - 23028 = -2*k, 0 = -r - 3*k + 2310 + 2293. Calculate the highest common factor of 564 and r.
94
Suppose 0*p - 4*p - 192 = 0. Let m be ((-1)/(-2))/((-1)/p). Suppose 431*a = 2*x + 427*a - 88, -10 = -5*a. What is the highest common factor of m and x?
24
Let r(s) = -s**3 + 10*s**2 - 9*s - 2. Let n be r(9). Let c be 5/((6 + n)/100). Let k be (-15)/5*2/3 + 27. What is the highest common factor of c and k?
25
Suppose -27*g - 79695 = -56*g - 26*g. What is the greatest common factor of g and 882?
63
Let z(w) = -w**3 - 10*w**2 + 7*w - 6. Let i be z(-11). Let a = -114 + 110. Let s(g) = -41*g + 26. Let p be s(a). What is the highest common divisor of i and p?
38
Suppose -3*m + m = 2*p + 2, 3*m + 13 = 2*p. Let a(i) = -4*i**2 + 5*i**p + 2*i**2 + 3*i. Let d be a(-3). What is the greatest common factor of d and 45?
9
Suppose 2*q + 18 + 34 = 0. Let w be (8/3)/(q/(-39)). Suppose 0 = w*l - 10*l + 1200. What is the greatest common divisor of l and 50?
50
Suppose 3*s - 12 = -2*l, -13*s + 18 = 3*l - 14*s. What is the highest common factor of 15 and l?
3
Let w = -12035 - -12053. Calculate the greatest common divisor of w and 7638.
6
Suppose -7 = 3*w - 2*z - 20, -4*z - 21 = -w. Let j(a) = -a**3 + 5*a**2 - 3*a + 3. Let h = 9 + -5. Let m be j(h). What is the highest common factor of m and w?
1
Let s(z) = z**3 - 68*z**2 - 72*z + 623. Let t be s(69). Calculate the greatest common factor of 2392 and t.
104
Let w(n) = 4*n - 2*n - 3*n + 5. Let j be w(-4). Let h(p) = -p + 30. Let k be h(j). What is the greatest common factor of 21 and k?
21
Let k(c) = c**3 - c**2 + 4*c - 2. Let f be (-384)/(-144)*(-6)/(-8). Let y be k(f). Calculate the highest common divisor of y and 810.
10
Let h(b) = -1393*b - 178. Let k be h(-2). Calculate the highest common factor of 16 and k.
16
Suppose 11*m = 33*m - 2178. Calculate the highest common divisor of m and 704.
11
Suppose 204*s + 70 = 206*s. Calculate the highest common divisor of s and 945.
35
Let k = 48765 + -48714. Let i(b) = 7*b**3 - 3*b**2 - 4*b + 3. Let t be i(3). Calculate the highest common factor of t and k.
51
Let g(l) = -4*l. Let y be g(-1). Suppose -y*i + 167 = -5. Suppose f = -o + 344, -674*o = -675*o - 5*f + 344. Calculate the highest common divisor of i and o.
43
Let o = 159 - 143. Suppose -3*k - 263 = 5*w, -2*k + 68 - 280 = 4*w. Let h be 4/(-22) + (-9690)/w. What is the highest common factor of h and o?
16
Suppose 0 = x + 3*x - 48. Let b(q) = -3*q**2 + 56*q - 201. Let n be b(11). What is the greatest common divisor of x and n?
4
Let p be (-2)/3*858690/(-940). What is the highest common factor of 3857 and p?
203
Let g = -15256 + 15260. Calculate the highest common divisor of g and 7628.
4
Let r(g) = -12*g - 96. Let t be r(-8). Suppose t = 119*v - 125*v + 690. Calculate the greatest common factor of v and 5.
5
Let l(p) = -1945*p + 8320. Let k be l(4). Calculate the greatest common divisor of 918 and k.
54
Suppose -123243*s = -123227*s - 234752. Calculate the highest common factor of s and 64.
16
Let n be (2636/(-6))/((-62)/(-93)). Let y = n + 661. Calculate the highest common divisor of 10 and y.
2
Let q be ((-3)/6*-470)/(5 + -4). Let m = 22 - -25. Calculate the highest common factor of q and m.
47
Let f(v) = v**3 + 2*v**2 - 3*v + 6. Let m be f(4). Let z(g) = -4*g + 510. Let d be z(120). What is the greatest common factor of m and d?
30
Let m = -6 + 11. Let x(w) = 5*w**3 + w**2 - 37*w + 36. Let t be x(1). What is the highest common factor of m and t?
5
Let l(x) be the second derivative of -5*x**3/3 - 5*x**2 + 2*x + 111. Suppose -3*z = -6*z - 9. Let k be l(z). What is the greatest common factor of k and 20?
20
Let u(q) = -4*q**3 + q**2 + 4*q - 3. Let h be u(-4). Let w(k) = 2*k**3 - 101*k**2 + 65*k - 739. Let r be w(50). What is the greatest common factor of h and r?
11
Suppose -5*l + 1877 = -4*z - 1758, 4*l = 5*z + 2899. Let w = 4 + 82. Calculate the greatest common divisor of w and l.
43
Let f be ((-90)/15 + 50)*22. What is the greatest common divisor of f and 40?
8
Suppose 5*a + 4*r + 16 - 57 = 0, 4*r - 16 = 0. Suppose 4*t = 8, a*g - 3*g = 3*t + 176. Calculate the highest common factor of 49 and g.
7
Let t(h) = -22*h**2 + 38*h - 6. Let a be t(7). Let o = a - -853. What is the greatest common divisor of o and 10?
5
Let y(a) = 2*a**3 + a**2 - 13. Let k be y(5). Let b = -210 + k. Calculate the greatest common divisor of b and 4.
4
Suppose -o - o - 4*q + 12 = 0, -2*o - q + 6 = 0. Let g be o/2 - 836/22. Let r = -31 - g. What is the highest commo